t are the prime factors of r?
2, 109
Suppose -72*o - 15*o = 14*o - 118372. What are the prime factors of o?
2, 293
Let j(g) = -g**3 + 70*g**2 + 23*g + 225. What are the prime factors of j(35)?
3, 5, 2927
Let s = 194 + -190. Suppose -s*i = 8, -3*w + 536 + 1148 = 4*i. What are the prime factors of w?
2, 3, 47
Let n(x) = -7*x - 23. Let j be n(-5). Suppose j*c + 53 = 4037. List the prime factors of c.
2, 83
Suppose -2*m + 2*t + 16382 - 3126 = 0, -m + 4*t = -6628. List the prime factors of m.
2, 1657
Let r(q) = -2*q**3 - 3*q**2 + 3*q + 32. Let k be (-16)/28 - (208/28 + 0). List the prime factors of r(k).
2, 3, 5, 7
Let a be -8*(-8 + (-244)/(-32)). Let j(c) = -13 + 30*c + 41*c - 16*c. What are the prime factors of j(a)?
2, 19
List the prime factors of (-5 + 8 - -3) + 34620/20.
3, 193
Let r = -924 + 1962. Let i = r - 708. List the prime factors of i.
2, 3, 5, 11
Let b(l) = 85*l + 6. Suppose -a - 3*a - 12 = 0. Let r be 4 - (-2)/a - (-4)/(-3). List the prime factors of b(r).
2, 11
What are the prime factors of (2/6)/((-255392)/28377 + 9) + 2?
9461
Let j = 424 - 414. What are the prime factors of 13209/(-34)*j/(-3)?
5, 7, 37
List the prime factors of (-186)/(-26) - 7 - 6732/(-13).
2, 7, 37
Let m(v) = v + 33. Let f(o) = o**3 - 10*o**2 - 11*o. Let t be f(11). Suppose t*h = 8*h - 96. List the prime factors of m(h).
3, 5
Suppose -3*t + 4038 = 2*t + 2*i, -1632 = -2*t - 5*i. Let h = 1142 - t. What are the prime factors of h?
2, 3, 7
Suppose -14520 + 197577 = 23*o. What are the prime factors of o?
3, 7, 379
Let u(w) be the third derivative of 73*w**6/60 + w**3/6 - 88*w**2. List the prime factors of u(1).
3, 7
Let v(g) be the third derivative of -g**5/60 - 19*g**4/24 + g**3/2 + 13*g**2. Let u be v(-13). Suppose -u*r - 62 = -83*r. List the prime factors of r.
31
Let t(s) = s**3 + 13*s**2 + 5. Suppose -16 - 49 = 5*r. Let x be t(r). Suppose 0 = -x*m + 7*m - 440. What are the prime factors of m?
2, 5, 11
Suppose 12*a = -13743 + 92463. What are the prime factors of a?
2, 5, 41
Let b = 124 - 72. Let x = -49 + b. Suppose 2*j - x = 9. What are the prime factors of j?
2, 3
Let n be 7/28 + (-50)/8. Let t be ((-170)/8)/(n/72). Suppose 3*y = -0*y + t. List the prime factors of y.
5, 17
Suppose 576 + 308 = b. Let h = b - 139. What are the prime factors of h?
5, 149
Suppose 2*p + 3*p - 32 = c, 0 = 4*p + 5*c - 14. Let b(x) = 8*x**2 - 5*x**2 - p + 28*x**2 + 2*x + 4*x**2. What are the prime factors of b(-2)?
2, 5, 13
Suppose 0 = 7*g + 48 + 29. List the prime factors of (-44)/g*538/8.
269
Suppose -57 = -9161*s + 9160*s. List the prime factors of s.
3, 19
Let v = -100 + 57. Suppose 0 = 6*n - n - 4*q - 837, -2*n + 2*q + 336 = 0. Let z = n + v. What are the prime factors of z?
2, 61
Suppose 51*t - 83377 = 122918. What are the prime factors of t?
5, 809
Suppose -m - 4*v - 113 = 0, -2*v = -m - m - 176. Let a = m + 687. Suppose 5*o + d = a, -3*d + d = -8. List the prime factors of o.
2, 59
Suppose -94*d + 3*d + 373464 = 0. List the prime factors of d.
2, 3, 19
Let s = -21 - -88. Let z = 115 - s. Let v = z + -44. What are the prime factors of v?
2
Suppose 24*p + 9 = 27*p, 39 = 3*n - 3*p. Suppose 0 = 31*h - n*h - 1590. List the prime factors of h.
2, 53
Suppose c - 776 - 3015 = 4*l, -l + 1 = 0. Let g = 5367 - c. What are the prime factors of g?
2, 3, 131
Suppose 4*k + 2*v = -0*k - 7890, -5*k - 2*v - 9860 = 0. Let g be ((-48)/30)/(1/(-30)). List the prime factors of g/64 - k/8.
13, 19
Suppose -686*u + 688*u - 3068 = 0. What are the prime factors of u?
2, 13, 59
Let x = -374 - -383. Let r(n) = 101*n - 53. What are the prime factors of r(x)?
2, 107
Suppose 0 = -18*i + 21*i + 2769. Let z = -656 - i. List the prime factors of z.
3, 89
Let b = 91 - 89. List the prime factors of ((-9)/(-27))/(1/81) - b.
5
Suppose -31*k + 72*k - 624081 = 141430. List the prime factors of k.
18671
Let j be 27*6/18*2/6. Suppose 0 = -3*o + 3*a + 63, -1 = 2*a + 1. Suppose -b = -r + o, -3*r + j*b + 102 = 2*r. List the prime factors of r.
3, 7
Suppose -i + 2*i - 5*t = 532, i = -4*t + 505. Suppose -5*y - i = -w - 2030, -w = -3*y + 907. What are the prime factors of y?
3, 101
Suppose -p + 32 = 9. Suppose -p = 3*f - 20. List the prime factors of (77/(-14))/(f/6).
3, 11
Let t be 1/6*6 + -5 + 2. What are the prime factors of t/4 + ((-1208)/(-16) - -9)?
2, 3, 7
Suppose -12*y + 117432 = -7848. List the prime factors of y.
2, 3, 5, 29
Let k(c) = -72*c + 147. Let h be k(2). Suppose 4*l + 4 = 4*f, 0*f + 4*l = -4*f - 12. What are the prime factors of f/(2/h)*-40?
2, 3, 5
Let o = -8 + 10. Let s(g) = -7*g**3 - 10 - 17*g**3 + 26*g**3 - 3*g + 3*g**o - 11*g**3. List the prime factors of s(-3).
269
Suppose 5*h + 7*i = 1537, 3*i - 188 - 426 = -2*h. What are the prime factors of h?
313
Suppose 3*x + 4*n - 61631 = 0, -4*x = 159*n - 155*n - 82164. List the prime factors of x.
20533
Let p(g) = -g**3 + 8*g**2 + 7*g + 8. Let k be p(8). Suppose 1266 = 5*m + 246. Suppose -m - k = -2*x. What are the prime factors of x?
2, 67
Let d(j) = 24*j**2 + 31*j - 134. List the prime factors of d(18).
2, 5, 41
Let r = -37737 + 53190. What are the prime factors of r?
3, 17, 101
Let o(p) = 12*p**2 + 2*p. Let k be o(-4). Let i = k - 96. List the prime factors of i.
2, 11
Suppose 2*y - 5*c - 1214 = 0, -3*y + c + 581 + 1240 = 0. Suppose -5*o - y = -177. Let k = -74 - o. List the prime factors of k.
2, 3
Suppose 11*a + 2*a - 182 = 0. Suppose 0 = -7*s - a*s + 21084. List the prime factors of s.
2, 251
List the prime factors of 16/(-16)*16/6*-17607.
2, 5869
What are the prime factors of (4765/2)/(1/2)?
5, 953
Suppose -15*i = 126 - 531. List the prime factors of 9968/42*(i/12 - -3).
2, 7, 89
Suppose 1311 = 8*u - 649. Suppose 5*o + 65 - u = 0. List the prime factors of o.
2, 3
Suppose 2*u - 8 = -2*l, 5*l - 6 = 2*l. Suppose 2*y + 0*f - 1334 = f, -u*y - 2*f = -1346. What are the prime factors of y?
3, 223
Let g = -7356 - -31929. What are the prime factors of g?
3, 8191
Let x = 21825 - 12186. List the prime factors of x.
3, 7, 17
Suppose 17*r - 18*r + 5975 = 0. What are the prime factors of r?
5, 239
Let w(z) = 7*z**2 - 16*z - 2. Let s(k) = -k**2 - 25*k + 49. Let b be s(-27). What are the prime factors of w(b)?
11, 23
Suppose -26*g = 69*g - 1720070. List the prime factors of g.
2, 11, 823
Let v(m) = 177*m**3 + 3*m**2 + 12*m - 17. Let j be v(4). Suppose -5*l + 16*l = j. List the prime factors of l.
17, 61
Suppose -190*f - 1321 = -191*f. Let t = 2068 - f. List the prime factors of t.
3, 83
Let r be -4 + (1 - (-12 + (4 - 1))). Suppose 0*w - r*w + 1686 = 0. List the prime factors of w.
281
Suppose -1213 = 29*l - 32*l + 94457. List the prime factors of l.
2, 3, 5, 1063
Suppose 0 = 4*k - 4*h - 13100, 4*k - 5*k - h + 3271 = 0. Suppose 3*o + 1090 = -5*p + k, 1447 = 2*o - 5*p. List the prime factors of o.
2, 3, 11
Let s be (3 + -1)/(3/(1057 - -8)). Suppose 8*p - s - 354 = 0. List the prime factors of p.
7, 19
Let t = -92 + 46. Let v = 40 + t. List the prime factors of (-2 - -2) + v/(-3).
2
Let r be (88/5)/((-3)/(-15)). Suppose -16*y - r = -14*y. Let x = 65 + y. What are the prime factors of x?
3, 7
Let g = -14786 - -21386. What are the prime factors of g?
2, 3, 5, 11
Let w(s) = -2*s**3 + 136*s**2 - 125*s - 351. List the prime factors of w(67).
2, 3, 7
Let b = -246 + 246. Let d(k) = 2*k**2 + 10*k + 776. What are the prime factors of d(b)?
2, 97
Suppose 11076 = 2*m + 3*g, -46*m + 43*m - 4*g + 16614 = 0. What are the prime factors of m?
2, 3, 13, 71
Let r = 18820 + -9450. What are the prime factors of r?
2, 5, 937
Let j = -273 - -288. What are the prime factors of -3 - 1712/(-3) - (-5)/j?
2, 71
Suppose 2*i = 0, 425*d - 423*d + 2*i = 11350. What are the prime factors of d?
5, 227
Suppose b - 1453 + 1167 = 0. List the prime factors of b.
2, 11, 13
Let k(p) = 7*p - 10. Let t be k(12). Let o = -54 + t. Suppose -o*c + 19*c = -100. List the prime factors of c.
2, 5
Let a(d) = -75*d**3 + 2*d**2 + 2*d - 3. Let k be a(-2). Suppose -k = 7*n - 3723. What are the prime factors of n?
2, 223
Let j(i) = 398*i + 259. What are the prime factors of j(2)?
5, 211
Suppose -4*j = 2*h - 57844, 4*h = 302*j - 299*j - 43416. List the prime factors of j.
2, 113
Suppose 11*x = -5*b + 12*x + 1352, 0 = -4*x + 12. Let a = 9 + -5. Suppose a*r - 5*r + b = 0. List the prime factors of r.
271
Let k = 70 + -49